{"id":1210,"date":"2024-09-06T16:49:32","date_gmt":"2024-09-06T14:49:32","guid":{"rendered":"https:\/\/cms.katkas-dance-academy.de\/startseite\/?page_id=1210"},"modified":"2024-09-18T21:17:03","modified_gmt":"2024-09-18T19:17:03","slug":"breakdance","status":"publish","type":"page","link":"https:\/\/www.katkas-dance-academy.de\/startseite\/breakdance\/","title":{"rendered":"Breakdance"},"content":{"rendered":"\n<h2 class=\"wp-block-heading\">Breakdance<\/h2>\n\n\n\n<div class=\"wp-block-columns is-layout-flex wp-container-core-columns-is-layout-28f84493 wp-block-columns-is-layout-flex\">\n<div class=\"wp-block-column has-light-green-cyan-background-color has-background is-layout-flow wp-block-column-is-layout-flow\" style=\"padding-top:var(--wp--preset--spacing--20);padding-right:var(--wp--preset--spacing--20);padding-bottom:var(--wp--preset--spacing--20);padding-left:var(--wp--preset--spacing--20);box-shadow:var(--wp--preset--shadow--deep)\">\n<p><strong>Was ist Breakdance?<\/strong><\/p>\n\n\n\n<p>Breakdance oder auch &#8222;Breaking&#8220; genannt ist eine akrobatische Tanzform, die in den 70er-Jahren in den Stra\u00dfen der Bronx entstanden ist. Der Stil ist leicht von anderen zu unterscheiden, da ein gro\u00dfer Teil des Tanzes auf dem Boden passiert &#8211; manche Breaker drehen sich gar auf ihren H\u00e4nden, ihrem R\u00fccken oder ihrem Kopf.<\/p>\n\n\n\n<p>Der Breakdance ist Teil einer Subkultur, die sich HipHop nennt und durch die afro- und lateinamerikanischen Communitys in New York entstanden ist.<br>Breakdance wurde weltweit popul\u00e4r, als Filme wie &#8222;Beat Street&#8220; und &#8222;Breakin'&#8220; in die Kinos kamen. <\/p>\n\n\n\n<p>Seitdem hat sich Breakdance als globales Ph\u00e4nomen auf der ganzen Welt verbreitet. Breaking-Contests fallen gr\u00f6\u00dfer als jemals zuvor aus: 2024 wird die Disziplin sogar bei den Olympischen Spielen deb\u00fctieren.<br><br><strong>Die Elemente von Breaking<\/strong><\/p>\n\n\n\n<p>Breaking hat ein breites Vokabular an Moves zu bieten, das wiederum in &#8222;Top Rock&#8220;, &#8222;Go Downs&#8220;, &#8222;Footwork&#8220;, &#8222;Freezes&#8220; und &#8222;Power Moves&#8220; kategorisiert sind. Viele Breaker bereichern ihre Performances mit Tricks und Flips.<\/p>\n\n\n\n<figure class=\"wp-block-gallery has-nested-images columns-default is-cropped wp-block-gallery-1 is-layout-flex wp-block-gallery-is-layout-flex\">\n<figure class=\"wp-block-image size-large has-custom-border\"><img loading=\"lazy\" decoding=\"async\" width=\"1024\" height=\"683\" data-id=\"686\" src=\"https:\/\/cms.katkas-dance-academy.de\/wp-content\/uploads\/2024\/08\/01-5038-1024x683.jpg\" alt=\"\" class=\"wp-image-686\" style=\"border-radius:5px\" srcset=\"https:\/\/www.katkas-dance-academy.de\/wp-content\/uploads\/2024\/08\/01-5038-1024x683.jpg 1024w, https:\/\/www.katkas-dance-academy.de\/wp-content\/uploads\/2024\/08\/01-5038-300x200.jpg 300w, https:\/\/www.katkas-dance-academy.de\/wp-content\/uploads\/2024\/08\/01-5038-768x512.jpg 768w, https:\/\/www.katkas-dance-academy.de\/wp-content\/uploads\/2024\/08\/01-5038-1536x1024.jpg 1536w, https:\/\/www.katkas-dance-academy.de\/wp-content\/uploads\/2024\/08\/01-5038-2048x1365.jpg 2048w\" sizes=\"auto, (max-width: 1024px) 100vw, 1024px\" \/><\/figure>\n\n\n\n<figure class=\"wp-block-image size-large has-custom-border\"><img loading=\"lazy\" decoding=\"async\" width=\"1024\" height=\"739\" data-id=\"1069\" src=\"https:\/\/cms.katkas-dance-academy.de\/wp-content\/uploads\/2024\/09\/10-009-1024x739.jpg\" alt=\"\" class=\"wp-image-1069\" style=\"border-radius:5px\" srcset=\"https:\/\/www.katkas-dance-academy.de\/wp-content\/uploads\/2024\/09\/10-009-1024x739.jpg 1024w, https:\/\/www.katkas-dance-academy.de\/wp-content\/uploads\/2024\/09\/10-009-300x217.jpg 300w, https:\/\/www.katkas-dance-academy.de\/wp-content\/uploads\/2024\/09\/10-009-768x554.jpg 768w, https:\/\/www.katkas-dance-academy.de\/wp-content\/uploads\/2024\/09\/10-009-1536x1109.jpg 1536w, https:\/\/www.katkas-dance-academy.de\/wp-content\/uploads\/2024\/09\/10-009.jpg 2000w\" sizes=\"auto, (max-width: 1024px) 100vw, 1024px\" \/><\/figure>\n<\/figure>\n<\/div>\n<\/div>\n\n\n\n<figure class=\"wp-block-image alignright size-full\"><a href=\"#oben\"><img loading=\"lazy\" decoding=\"async\" width=\"48\" height=\"48\" src=\"https:\/\/www.katkas-dance-academy.de\/wp-content\/uploads\/2024\/08\/nach_oben_pfeil_48X48-2.png\" alt=\"Nach oben\" class=\"wp-image-804\" style=\"aspect-ratio:1;object-fit:cover\"\/><\/a><\/figure>\n","protected":false},"excerpt":{"rendered":"<p>Breakdance Was ist Breakdance? Breakdance oder auch &#8222;Breaking&#8220; genannt ist eine akrobatische Tanzform, die in den 70er-Jahren in den Stra\u00dfen der Bronx entstanden ist. Der Stil ist leicht von anderen zu unterscheiden, da ein gro\u00dfer Teil des Tanzes auf dem Boden passiert &#8211; manche Breaker drehen sich gar auf ihren H\u00e4nden, ihrem R\u00fccken oder ihrem [&hellip;]<\/p>\n","protected":false},"author":2,"featured_media":0,"parent":0,"menu_order":0,"comment_status":"closed","ping_status":"closed","template":"","meta":{"footnotes":""},"class_list":["post-1210","page","type-page","status-publish","hentry"],"_links":{"self":[{"href":"https:\/\/www.katkas-dance-academy.de\/startseite\/wp-json\/wp\/v2\/pages\/1210","targetHints":{"allow":["GET"]}}],"collection":[{"href":"https:\/\/www.katkas-dance-academy.de\/startseite\/wp-json\/wp\/v2\/pages"}],"about":[{"href":"https:\/\/www.katkas-dance-academy.de\/startseite\/wp-json\/wp\/v2\/types\/page"}],"author":[{"embeddable":true,"href":"https:\/\/www.katkas-dance-academy.de\/startseite\/wp-json\/wp\/v2\/users\/2"}],"replies":[{"embeddable":true,"href":"https:\/\/www.katkas-dance-academy.de\/startseite\/wp-json\/wp\/v2\/comments?post=1210"}],"version-history":[{"count":9,"href":"https:\/\/www.katkas-dance-academy.de\/startseite\/wp-json\/wp\/v2\/pages\/1210\/revisions"}],"predecessor-version":[{"id":1223,"href":"https:\/\/www.katkas-dance-academy.de\/startseite\/wp-json\/wp\/v2\/pages\/1210\/revisions\/1223"}],"wp:attachment":[{"href":"https:\/\/www.katkas-dance-academy.de\/startseite\/wp-json\/wp\/v2\/media?parent=1210"}],"curies":[{"name":"wp","href":"https:\/\/api.w.org\/{rel}","templated":true}]}}